{"id":172,"date":"2021-04-20T11:57:41","date_gmt":"2021-04-20T11:57:41","guid":{"rendered":"https:\/\/fliesen-gatterer.at\/?page_id=172"},"modified":"2025-12-16T12:07:29","modified_gmt":"2025-12-16T12:07:29","slug":"ueber-uns","status":"publish","type":"page","link":"https:\/\/fliesen-gatterer.at\/index.php\/ueber-uns\/","title":{"rendered":"\u00dcber Uns"},"content":{"rendered":"\t\t<div data-elementor-type=\"wp-page\" data-elementor-id=\"172\" class=\"elementor elementor-172\" data-elementor-settings=\"[]\">\n\t\t\t\t\t\t\t<div class=\"elementor-section-wrap\">\n\t\t\t\t\t\t\t<section class=\"elementor-section elementor-top-section elementor-element elementor-element-ea0deae elementor-section-content-middle elementor-section-boxed elementor-section-height-default elementor-section-height-default\" data-id=\"ea0deae\" data-element_type=\"section\" data-settings=\"{&quot;background_background&quot;:&quot;classic&quot;}\">\n\t\t\t\t\t\t\t<div class=\"elementor-background-overlay\"><\/div>\n\t\t\t\t\t\t\t<div class=\"elementor-container elementor-column-gap-default\">\n\t\t\t\t\t<div class=\"elementor-column elementor-col-100 elementor-top-column elementor-element elementor-element-cb82ea9\" data-id=\"cb82ea9\" data-element_type=\"column\">\n\t\t\t<div class=\"elementor-widget-wrap elementor-element-populated\">\n\t\t\t\t\t\t\t\t<section class=\"elementor-section elementor-inner-section elementor-element elementor-element-26f0566 elementor-section-content-top elementor-section-boxed elementor-section-height-default elementor-section-height-default\" data-id=\"26f0566\" data-element_type=\"section\">\n\t\t\t\t\t\t<div class=\"elementor-container elementor-column-gap-default\">\n\t\t\t\t\t<div class=\"elementor-column elementor-col-50 elementor-inner-column elementor-element elementor-element-f8171fc\" data-id=\"f8171fc\" data-element_type=\"column\" data-settings=\"{&quot;background_background&quot;:&quot;classic&quot;}\">\n\t\t\t<div class=\"elementor-widget-wrap elementor-element-populated\">\n\t\t\t\t\t\t\t\t<div class=\"elementor-element elementor-element-70b4a35 elementor-widget elementor-widget-image\" data-id=\"70b4a35\" data-element_type=\"widget\" data-widget_type=\"image.default\">\n\t\t\t\t<div class=\"elementor-widget-container\">\n\t\t\t\t\t\t\t\t\t\t\t\t\t\t\t<img loading=\"lazy\" decoding=\"async\" width=\"737\" height=\"1024\" src=\"https:\/\/fliesen-gatterer.at\/wp-content\/uploads\/2021\/04\/fliesen-gatterer-alexander-fliesenleger-spittal-737x1024.jpg\" class=\"attachment-large size-large\" alt=\"\" srcset=\"https:\/\/fliesen-gatterer.at\/wp-content\/uploads\/2021\/04\/fliesen-gatterer-alexander-fliesenleger-spittal-737x1024.jpg 737w, https:\/\/fliesen-gatterer.at\/wp-content\/uploads\/2021\/04\/fliesen-gatterer-alexander-fliesenleger-spittal-216x300.jpg 216w, https:\/\/fliesen-gatterer.at\/wp-content\/uploads\/2021\/04\/fliesen-gatterer-alexander-fliesenleger-spittal-768x1067.jpg 768w, https:\/\/fliesen-gatterer.at\/wp-content\/uploads\/2021\/04\/fliesen-gatterer-alexander-fliesenleger-spittal-1106x1536.jpg 1106w, https:\/\/fliesen-gatterer.at\/wp-content\/uploads\/2021\/04\/fliesen-gatterer-alexander-fliesenleger-spittal-1475x2048.jpg 1475w, https:\/\/fliesen-gatterer.at\/wp-content\/uploads\/2021\/04\/fliesen-gatterer-alexander-fliesenleger-spittal.jpg 1662w\" sizes=\"auto, (max-width: 737px) 100vw, 737px\" \/>\t\t\t\t\t\t\t\t\t\t\t\t\t\t\t<\/div>\n\t\t\t\t<\/div>\n\t\t\t\t\t<\/div>\n\t\t<\/div>\n\t\t\t\t<div class=\"elementor-column elementor-col-50 elementor-inner-column elementor-element elementor-element-88bc284\" data-id=\"88bc284\" data-element_type=\"column\">\n\t\t\t<div class=\"elementor-widget-wrap elementor-element-populated\">\n\t\t\t\t\t\t\t\t<div class=\"elementor-element elementor-element-17c761b elementor-position-left elementor-vertical-align-middle elementor-view-default elementor-widget elementor-widget-icon-box\" data-id=\"17c761b\" data-element_type=\"widget\" data-widget_type=\"icon-box.default\">\n\t\t\t\t<div class=\"elementor-widget-container\">\n\t\t\t\t\t<div class=\"elementor-icon-box-wrapper\">\n\t\t\t\t\t\t<div class=\"elementor-icon-box-icon\">\n\t\t\t\t<span class=\"elementor-icon elementor-animation-\" >\n\t\t\t\t<i aria-hidden=\"true\" class=\"far fa-sticky-note\"><\/i>\t\t\t\t<\/span>\n\t\t\t<\/div>\n\t\t\t\t\t\t<div class=\"elementor-icon-box-content\">\n\t\t\t\t<h4 class=\"elementor-icon-box-title\">\n\t\t\t\t\t<span  >\n\t\t\t\t\t\tFamilienbetrieb mit langj\u00e4hriger Erfahrung\t\t\t\t\t<\/span>\n\t\t\t\t<\/h4>\n\t\t\t\t\t\t\t<\/div>\n\t\t<\/div>\n\t\t\t\t<\/div>\n\t\t\t\t<\/div>\n\t\t\t\t<div class=\"elementor-element elementor-element-aef84ca elementor-widget elementor-widget-text-editor\" data-id=\"aef84ca\" data-element_type=\"widget\" data-widget_type=\"text-editor.default\">\n\t\t\t\t<div class=\"elementor-widget-container\">\n\t\t\t\t\t\t\t<p>Wir sind ein familiengef\u00fchrter Betrieb mit Leidenschaft zum Handwerk und Liebe zum Detail. Individuelle L\u00f6sungen f\u00fcr unsere Kunden sind unser Spezialgebiet. Dabei stehen die pers\u00f6nliche Beratung sowie das Eingehen auf die speziellen W\u00fcnsche und Anspr\u00fcche unserer Kunden f\u00fcr uns immer im Vordergrund.<\/p><p>Wir arbeiten nicht nur mit Herz &amp; Seele sondern auch mit K\u00f6pfchen. Die Individualit\u00e4t spiegelt sicht nicht nur in unserer Arbeit wider, sondern zeigt sich auch in unserem modernen und breit gef\u00e4chertem Fliesenangebot.<\/p><p>Nach 20-j\u00e4hrigem Firmenbestehen wurde der Betrieb im Jahr 2017 von Sohn Alexander Gatterer \u00fcbernommen.<\/p>\t\t\t\t\t\t<\/div>\n\t\t\t\t<\/div>\n\t\t\t\t<div class=\"elementor-element elementor-element-7ff7c6d elementor-widget elementor-widget-heading\" data-id=\"7ff7c6d\" data-element_type=\"widget\" data-widget_type=\"heading.default\">\n\t\t\t\t<div class=\"elementor-widget-container\">\n\t\t\t<h2 class=\"elementor-heading-title elementor-size-default\">Unser Team besteht aus ...<\/h2>\t\t<\/div>\n\t\t\t\t<\/div>\n\t\t\t\t<div class=\"elementor-element elementor-element-331d8bd elementor-align-left elementor-icon-list--layout-traditional elementor-list-item-link-full_width elementor-widget elementor-widget-icon-list\" data-id=\"331d8bd\" data-element_type=\"widget\" data-widget_type=\"icon-list.default\">\n\t\t\t\t<div class=\"elementor-widget-container\">\n\t\t\t\t\t<ul class=\"elementor-icon-list-items\">\n\t\t\t\t\t\t\t<li class=\"elementor-icon-list-item\">\n\t\t\t\t\t\t\t\t\t\t\t<span class=\"elementor-icon-list-icon\">\n\t\t\t\t\t\t\t<i aria-hidden=\"true\" class=\"fas fa-angle-right\"><\/i>\t\t\t\t\t\t<\/span>\n\t\t\t\t\t\t\t\t\t\t<span class=\"elementor-icon-list-text\">Alexander Gatterer<\/span>\n\t\t\t\t\t\t\t\t\t<\/li>\n\t\t\t\t\t\t\t\t<li class=\"elementor-icon-list-item\">\n\t\t\t\t\t\t\t\t\t\t\t<span class=\"elementor-icon-list-icon\">\n\t\t\t\t\t\t\t<i aria-hidden=\"true\" class=\"fas fa-angle-right\"><\/i>\t\t\t\t\t\t<\/span>\n\t\t\t\t\t\t\t\t\t\t<span class=\"elementor-icon-list-text\">Claudia Gatterer<\/span>\n\t\t\t\t\t\t\t\t\t<\/li>\n\t\t\t\t\t\t\t\t<li class=\"elementor-icon-list-item\">\n\t\t\t\t\t\t\t\t\t\t\t<span class=\"elementor-icon-list-icon\">\n\t\t\t\t\t\t\t<i aria-hidden=\"true\" class=\"fas fa-angle-right\"><\/i>\t\t\t\t\t\t<\/span>\n\t\t\t\t\t\t\t\t\t\t<span class=\"elementor-icon-list-text\">Walter<\/span>\n\t\t\t\t\t\t\t\t\t<\/li>\n\t\t\t\t\t\t\t\t<li class=\"elementor-icon-list-item\">\n\t\t\t\t\t\t\t\t\t\t\t<span class=\"elementor-icon-list-icon\">\n\t\t\t\t\t\t\t<i aria-hidden=\"true\" class=\"fas fa-angle-right\"><\/i>\t\t\t\t\t\t<\/span>\n\t\t\t\t\t\t\t\t\t\t<span class=\"elementor-icon-list-text\">Martin<\/span>\n\t\t\t\t\t\t\t\t\t<\/li>\n\t\t\t\t\t\t\t\t<li class=\"elementor-icon-list-item\">\n\t\t\t\t\t\t\t\t\t\t\t<span class=\"elementor-icon-list-icon\">\n\t\t\t\t\t\t\t<i aria-hidden=\"true\" class=\"fas fa-angle-right\"><\/i>\t\t\t\t\t\t<\/span>\n\t\t\t\t\t\t\t\t\t\t<span class=\"elementor-icon-list-text\">Marco<\/span>\n\t\t\t\t\t\t\t\t\t<\/li>\n\t\t\t\t\t\t\t\t<li class=\"elementor-icon-list-item\">\n\t\t\t\t\t\t\t\t\t\t\t<span class=\"elementor-icon-list-icon\">\n\t\t\t\t\t\t\t<i aria-hidden=\"true\" class=\"fas fa-angle-right\"><\/i>\t\t\t\t\t\t<\/span>\n\t\t\t\t\t\t\t\t\t\t<span class=\"elementor-icon-list-text\">Fabio<\/span>\n\t\t\t\t\t\t\t\t\t<\/li>\n\t\t\t\t\t\t<\/ul>\n\t\t\t\t<\/div>\n\t\t\t\t<\/div>\n\t\t\t\t\t<\/div>\n\t\t<\/div>\n\t\t\t\t\t\t\t<\/div>\n\t\t<\/section>\n\t\t\t\t\t<\/div>\n\t\t<\/div>\n\t\t\t\t\t\t\t<\/div>\n\t\t<\/section>\n\t\t\t\t\t\t<\/div>\n\t\t\t\t\t<\/div>\n\t\t","protected":false},"excerpt":{"rendered":"<p>Familienbetrieb mit langj\u00e4hriger Erfahrung Wir sind ein familiengef\u00fchrter Betrieb mit Leidenschaft zum Handwerk und Liebe zum Detail. Individuelle L\u00f6sungen f\u00fcr unsere Kunden sind unser Spezialgebiet. Dabei stehen die pers\u00f6nliche Beratung sowie das Eingehen auf die speziellen W\u00fcnsche und Anspr\u00fcche unserer Kunden f\u00fcr uns immer im Vordergrund. Wir arbeiten nicht nur mit Herz &amp; Seele sondern &hellip;<\/p>\n<p class=\"read-more\"> <a class=\"\" href=\"https:\/\/fliesen-gatterer.at\/index.php\/ueber-uns\/\"> <span class=\"screen-reader-text\">\u00dcber Uns<\/span> Weiterlesen &raquo;<\/a><\/p>\n","protected":false},"author":1,"featured_media":0,"parent":0,"menu_order":0,"comment_status":"closed","ping_status":"closed","template":"","meta":{"footnotes":""},"class_list":["post-172","page","type-page","status-publish","hentry"],"yoast_head":"<!-- This site is optimized with the Yoast SEO plugin v18.1 - https:\/\/yoast.com\/wordpress\/plugins\/seo\/ -->\n<title>\u00dcber Uns - Fliesen Gatterer - Ihr Fliesenleger in der Region<\/title>\n<meta name=\"robots\" content=\"index, follow, max-snippet:-1, max-image-preview:large, max-video-preview:-1\" \/>\n<link rel=\"canonical\" href=\"https:\/\/fliesen-gatterer.at\/index.php\/ueber-uns\/\" \/>\n<meta property=\"og:locale\" content=\"de_DE\" \/>\n<meta property=\"og:type\" content=\"article\" \/>\n<meta property=\"og:title\" content=\"\u00dcber Uns - Fliesen Gatterer - Ihr Fliesenleger in der Region\" \/>\n<meta property=\"og:description\" content=\"Familienbetrieb mit langj\u00e4hriger Erfahrung Wir sind ein familiengef\u00fchrter Betrieb mit Leidenschaft zum Handwerk und Liebe zum Detail. Individuelle L\u00f6sungen f\u00fcr unsere Kunden sind unser Spezialgebiet. Dabei stehen die pers\u00f6nliche Beratung sowie das Eingehen auf die speziellen W\u00fcnsche und Anspr\u00fcche unserer Kunden f\u00fcr uns immer im Vordergrund. Wir arbeiten nicht nur mit Herz &amp; Seele sondern &hellip; \u00dcber Uns Weiterlesen &raquo;\" \/>\n<meta property=\"og:url\" content=\"https:\/\/fliesen-gatterer.at\/index.php\/ueber-uns\/\" \/>\n<meta property=\"og:site_name\" content=\"Fliesen Gatterer - Ihr Fliesenleger in der Region\" \/>\n<meta property=\"article:modified_time\" content=\"2025-12-16T12:07:29+00:00\" \/>\n<meta property=\"og:image\" content=\"https:\/\/fliesen-gatterer.at\/wp-content\/uploads\/2021\/04\/fliesen-gatterer-alexander-fliesenleger-spittal-737x1024.jpg\" \/>\n<meta name=\"twitter:card\" content=\"summary_large_image\" \/>\n<meta name=\"twitter:label1\" content=\"Gesch\u00e4tzte Lesezeit\" \/>\n\t<meta name=\"twitter:data1\" content=\"1\u00a0Minute\" \/>\n<script type=\"application\/ld+json\" class=\"yoast-schema-graph\">{\"@context\":\"https:\/\/schema.org\",\"@graph\":[{\"@type\":\"WebSite\",\"@id\":\"https:\/\/fliesen-gatterer.at\/#website\",\"url\":\"https:\/\/fliesen-gatterer.at\/\",\"name\":\"Fliesen Gatterer - Ihr Fliesenleger in der Region\",\"description\":\"Fliesenhandel &amp; Fliesenverlegung Gatterer aus Spittal in K\u00e4rnten\",\"potentialAction\":[{\"@type\":\"SearchAction\",\"target\":{\"@type\":\"EntryPoint\",\"urlTemplate\":\"https:\/\/fliesen-gatterer.at\/?s={search_term_string}\"},\"query-input\":\"required name=search_term_string\"}],\"inLanguage\":\"de\"},{\"@type\":\"ImageObject\",\"@id\":\"https:\/\/fliesen-gatterer.at\/index.php\/ueber-uns\/#primaryimage\",\"inLanguage\":\"de\",\"url\":\"https:\/\/fliesen-gatterer.at\/wp-content\/uploads\/2021\/04\/fliesen-gatterer-alexander-fliesenleger-spittal.jpg\",\"contentUrl\":\"https:\/\/fliesen-gatterer.at\/wp-content\/uploads\/2021\/04\/fliesen-gatterer-alexander-fliesenleger-spittal.jpg\",\"width\":1662,\"height\":2308},{\"@type\":\"WebPage\",\"@id\":\"https:\/\/fliesen-gatterer.at\/index.php\/ueber-uns\/#webpage\",\"url\":\"https:\/\/fliesen-gatterer.at\/index.php\/ueber-uns\/\",\"name\":\"\u00dcber Uns - Fliesen Gatterer - Ihr Fliesenleger in der Region\",\"isPartOf\":{\"@id\":\"https:\/\/fliesen-gatterer.at\/#website\"},\"primaryImageOfPage\":{\"@id\":\"https:\/\/fliesen-gatterer.at\/index.php\/ueber-uns\/#primaryimage\"},\"datePublished\":\"2021-04-20T11:57:41+00:00\",\"dateModified\":\"2025-12-16T12:07:29+00:00\",\"breadcrumb\":{\"@id\":\"https:\/\/fliesen-gatterer.at\/index.php\/ueber-uns\/#breadcrumb\"},\"inLanguage\":\"de\",\"potentialAction\":[{\"@type\":\"ReadAction\",\"target\":[\"https:\/\/fliesen-gatterer.at\/index.php\/ueber-uns\/\"]}]},{\"@type\":\"BreadcrumbList\",\"@id\":\"https:\/\/fliesen-gatterer.at\/index.php\/ueber-uns\/#breadcrumb\",\"itemListElement\":[{\"@type\":\"ListItem\",\"position\":1,\"name\":\"Startseite\",\"item\":\"https:\/\/fliesen-gatterer.at\/\"},{\"@type\":\"ListItem\",\"position\":2,\"name\":\"\u00dcber Uns\"}]}]}<\/script>\n<!-- \/ Yoast SEO plugin. -->","yoast_head_json":{"title":"\u00dcber Uns - Fliesen Gatterer - Ihr Fliesenleger in der Region","robots":{"index":"index","follow":"follow","max-snippet":"max-snippet:-1","max-image-preview":"max-image-preview:large","max-video-preview":"max-video-preview:-1"},"canonical":"https:\/\/fliesen-gatterer.at\/index.php\/ueber-uns\/","og_locale":"de_DE","og_type":"article","og_title":"\u00dcber Uns - Fliesen Gatterer - Ihr Fliesenleger in der Region","og_description":"Familienbetrieb mit langj\u00e4hriger Erfahrung Wir sind ein familiengef\u00fchrter Betrieb mit Leidenschaft zum Handwerk und Liebe zum Detail. Individuelle L\u00f6sungen f\u00fcr unsere Kunden sind unser Spezialgebiet. Dabei stehen die pers\u00f6nliche Beratung sowie das Eingehen auf die speziellen W\u00fcnsche und Anspr\u00fcche unserer Kunden f\u00fcr uns immer im Vordergrund. Wir arbeiten nicht nur mit Herz &amp; Seele sondern &hellip; \u00dcber Uns Weiterlesen &raquo;","og_url":"https:\/\/fliesen-gatterer.at\/index.php\/ueber-uns\/","og_site_name":"Fliesen Gatterer - Ihr Fliesenleger in der Region","article_modified_time":"2025-12-16T12:07:29+00:00","og_image":[{"url":"https:\/\/fliesen-gatterer.at\/wp-content\/uploads\/2021\/04\/fliesen-gatterer-alexander-fliesenleger-spittal-737x1024.jpg"}],"twitter_card":"summary_large_image","twitter_misc":{"Gesch\u00e4tzte Lesezeit":"1\u00a0Minute"},"schema":{"@context":"https:\/\/schema.org","@graph":[{"@type":"WebSite","@id":"https:\/\/fliesen-gatterer.at\/#website","url":"https:\/\/fliesen-gatterer.at\/","name":"Fliesen Gatterer - Ihr Fliesenleger in der Region","description":"Fliesenhandel &amp; Fliesenverlegung Gatterer aus Spittal in K\u00e4rnten","potentialAction":[{"@type":"SearchAction","target":{"@type":"EntryPoint","urlTemplate":"https:\/\/fliesen-gatterer.at\/?s={search_term_string}"},"query-input":"required name=search_term_string"}],"inLanguage":"de"},{"@type":"ImageObject","@id":"https:\/\/fliesen-gatterer.at\/index.php\/ueber-uns\/#primaryimage","inLanguage":"de","url":"https:\/\/fliesen-gatterer.at\/wp-content\/uploads\/2021\/04\/fliesen-gatterer-alexander-fliesenleger-spittal.jpg","contentUrl":"https:\/\/fliesen-gatterer.at\/wp-content\/uploads\/2021\/04\/fliesen-gatterer-alexander-fliesenleger-spittal.jpg","width":1662,"height":2308},{"@type":"WebPage","@id":"https:\/\/fliesen-gatterer.at\/index.php\/ueber-uns\/#webpage","url":"https:\/\/fliesen-gatterer.at\/index.php\/ueber-uns\/","name":"\u00dcber Uns - Fliesen Gatterer - Ihr Fliesenleger in der Region","isPartOf":{"@id":"https:\/\/fliesen-gatterer.at\/#website"},"primaryImageOfPage":{"@id":"https:\/\/fliesen-gatterer.at\/index.php\/ueber-uns\/#primaryimage"},"datePublished":"2021-04-20T11:57:41+00:00","dateModified":"2025-12-16T12:07:29+00:00","breadcrumb":{"@id":"https:\/\/fliesen-gatterer.at\/index.php\/ueber-uns\/#breadcrumb"},"inLanguage":"de","potentialAction":[{"@type":"ReadAction","target":["https:\/\/fliesen-gatterer.at\/index.php\/ueber-uns\/"]}]},{"@type":"BreadcrumbList","@id":"https:\/\/fliesen-gatterer.at\/index.php\/ueber-uns\/#breadcrumb","itemListElement":[{"@type":"ListItem","position":1,"name":"Startseite","item":"https:\/\/fliesen-gatterer.at\/"},{"@type":"ListItem","position":2,"name":"\u00dcber Uns"}]}]}},"_links":{"self":[{"href":"https:\/\/fliesen-gatterer.at\/index.php\/wp-json\/wp\/v2\/pages\/172","targetHints":{"allow":["GET"]}}],"collection":[{"href":"https:\/\/fliesen-gatterer.at\/index.php\/wp-json\/wp\/v2\/pages"}],"about":[{"href":"https:\/\/fliesen-gatterer.at\/index.php\/wp-json\/wp\/v2\/types\/page"}],"author":[{"embeddable":true,"href":"https:\/\/fliesen-gatterer.at\/index.php\/wp-json\/wp\/v2\/users\/1"}],"replies":[{"embeddable":true,"href":"https:\/\/fliesen-gatterer.at\/index.php\/wp-json\/wp\/v2\/comments?post=172"}],"version-history":[{"count":22,"href":"https:\/\/fliesen-gatterer.at\/index.php\/wp-json\/wp\/v2\/pages\/172\/revisions"}],"predecessor-version":[{"id":580,"href":"https:\/\/fliesen-gatterer.at\/index.php\/wp-json\/wp\/v2\/pages\/172\/revisions\/580"}],"wp:attachment":[{"href":"https:\/\/fliesen-gatterer.at\/index.php\/wp-json\/wp\/v2\/media?parent=172"}],"curies":[{"name":"wp","href":"https:\/\/api.w.org\/{rel}","templated":true}]}}